 19, 41
What are the prime factors of 486247351?
486247351
What are the prime factors of 146477956?
2, 29, 1262741
What are the prime factors of 55551485?
5, 11, 43, 83, 283
List the prime factors of 175763245.
5, 7, 151, 4751
List the prime factors of 966387.
3, 131, 2459
List the prime factors of 7752909.
3, 23, 112361
What are the prime factors of 2973966?
2, 3, 43, 11527
List the prime factors of 259676441.
43, 163, 37049
List the prime factors of 763806236.
2, 137, 1393807
List the prime factors of 217526463.
3, 7, 11, 71, 4421
List the prime factors of 2535930531.
3, 37, 769, 3301
List the prime factors of 2896288230.
2, 3, 5, 11, 137, 64063
What are the prime factors of 2624617566?
2, 3, 29, 421, 1327
List the prime factors of 252689871.
3, 7, 167, 72053
What are the prime factors of 1294959629?
73, 17739173
List the prime factors of 280666596.
2, 3, 7, 3341269
What are the prime factors of 163640682?
2, 3, 3030383
What are the prime factors of 239896722?
2, 3, 13, 433, 7103
List the prime factors of 18881310.
2, 3, 5, 7, 47, 1913
List the prime factors of 14077568.
2, 109, 1009
What are the prime factors of 3007931415?
3, 5, 701, 286061
What are the prime factors of 99829092?
2, 3, 11, 756281
What are the prime factors of 1600195248?
2, 3, 877, 12671
List the prime factors of 270604837.
809, 334493
What are the prime factors of 2183054262?
2, 3, 1847, 196991
List the prime factors of 142257830.
2, 5, 11, 13, 53, 1877
What are the prime factors of 2657244464?
2, 7, 23, 53, 19463
List the prime factors of 1678209704.
2, 41, 5116493
What are the prime factors of 33214046?
2, 337, 49279
List the prime factors of 606934303.
606934303
List the prime factors of 140711919.
3, 46903973
What are the prime factors of 83670569?
83670569
List the prime factors of 46716401.
173, 270037
List the prime factors of 9129358.
2, 7, 179, 3643
List the prime factors of 681216658.
2, 113, 283, 10651
List the prime factors of 68393504.
2, 937, 2281
List the prime factors of 229799091.
3, 19, 4031563
What are the prime factors of 2172106909?
7, 101, 719, 4273
List the prime factors of 50082590.
2, 5, 5008259
List the prime factors of 6168365.
5, 7, 17, 1481
List the prime factors of 1919529170.
2, 5, 13, 23, 263, 2441
What are the prime factors of 1118632955?
5, 11, 251, 81031
List the prime factors of 6073738084.
2, 181, 8389141
List the prime factors of 95697569.
11, 71899
List the prime factors of 2196724291.
2196724291
What are the prime factors of 132476550?
2, 3, 5, 19, 23, 43, 47
List the prime factors of 6526859373.
3, 725206597
What are the prime factors of 39551831?
11, 3595621
What are the prime factors of 902481093?
3, 89, 1126693
What are the prime factors of 456799202?
2, 228399601
What are the prime factors of 470295528?
2, 3, 103, 190249
What are the prime factors of 201890597?
223, 905339
List the prime factors of 3839354.
2, 1919677
List the prime factors of 4985527721.
29, 97, 1772317
List the prime factors of 55193783.
5153, 10711
What are the prime factors of 5215671832?
2, 7, 2179, 42743
What are the prime factors of 5513843935?
5, 23, 47946469
List the prime factors of 363035496.
2, 3, 23, 59, 71, 157
List the prime factors of 976797.
3, 108533
List the prime factors of 55164420.
2, 3, 5, 137, 2237
List the prime factors of 1758413086.
2, 29, 37, 819391
List the prime factors of 98273395.
5, 11, 53, 33713
List the prime factors of 560245278.
2, 3, 93374213
List the prime factors of 39566016.
2, 3, 7, 3271
What are the prime factors of 63793696?
2, 1993553
What are the prime factors of 73135064?
2, 9141883
List the prime factors of 673805903.
673805903
What are the prime factors of 12468181?
11, 73, 15527
What are the prime factors of 162790767?
3, 18087863
What are the prime factors of 792510560?
2, 5, 83, 719
What are the prime factors of 4670817144?
2, 3, 7, 241, 115363
List the prime factors of 223033326.
2, 3, 37172221
What are the prime factors of 48961549?
7, 13, 23, 149, 157
What are the prime factors of 81897692?
2, 2917, 7019
List the prime factors of 1994465607.
3, 181, 823, 4463
List the prime factors of 4452618512.
2, 17, 1279, 12799
List the prime factors of 198218783.
7, 28316969
List the prime factors of 393746424.
2, 3, 19, 863479
List the prime factors of 97711006.
2, 37, 127, 281
What are the prime factors of 843689202?
2, 3, 1019, 137993
List the prime factors of 17111769.
3, 29, 196687
What are the prime factors of 5542892442?
2, 3, 31, 9933499
What are the prime factors of 94961079?
3, 61, 19219
What are the prime factors of 5128222705?
5, 107, 419, 22877
What are the prime factors of 1361860102?
2, 3637, 187223
What are the prime factors of 146354363?
271, 613, 881
What are the prime factors of 9316396?
2, 173, 13463
What are the prime factors of 3306489507?
3, 367387723
List the prime factors of 199239910.
2, 5, 41, 67, 7253
List the prime factors of 249787626.
2, 3, 11, 1553, 2437
What are the prime factors of 1113436492?
2, 7, 39765589
List the prime factors of 123804803.
123804803
What are the prime factors of 7037269?
17, 103, 4019
List the prime factors of 6333296575.
5, 253331863
List the prime factors of 3263435657.
3263435657
What are the prime factors of 173061309?
3, 17, 3393359
List the prime factors of 56146107.
3, 18715369
List the prime factors of 211330905.
3, 5, 113, 124679
What are the prime factors of 25276336?
2, 41, 53, 727
List the prime factors of 2581072744.
2, 322634093
What are the prime factors of 679893062?
2, 211, 347, 4643
What are the prime factors of 113381968?
2, 7, 19, 53281
What are the prime factors of 31846763?
13, 17, 144103
What are the prime factors of 1531279814?
2, 3169, 241603
List the prime factors of 145497709.
7, 157, 18913
List the prime factors of 27458602.
2, 41, 334861
List the prime factors of 2190868504.
2, 11, 103, 241711
What are the prime factors of 183510075?
3, 5, 7, 19, 18397
What are the prime factors of 94602636?
2, 3, 37, 71023
What are the prime factors of 624351753?
3, 23124139
What are the prime factors of 153104491?
23, 113, 58909
List the prime factors of 71739897.
3, 919, 26021
What are the prime factors of 1132695982?
2, 11, 19, 127, 1123
List the prime factors of 16731636.
2, 3, 547, 2549
List the prime factors of 627699335.
5, 47, 401, 6661
List the prime factors of 695994247.
13, 1523, 35153
What are the prime factors of 3504893134?
2, 23, 619, 123091
List the prime factors of 87562324.
2, 1709, 12809
What are the prime factors of 32598315?
3, 5, 241469
List the prime factors of 5716823744.
2, 89325371
What are the prime factors of 1132036343?
137, 491, 16829
List the prime factors of 500192208.
2, 3, 3473557
What are the prime factors of 2845902700?
2, 5, 23, 1237349
What are the prime factors of 69028865?
5, 23, 37, 16223
List the prime factors of 42752337.
3, 19, 379, 1979
List the prime factors of 223360792.
2, 887, 31477
What are the prime factors of 81062464?
2, 7, 25849
List the prime factors of 142563190.
2, 5, 7, 11, 17, 10891
What are the prime factors of 309790927?
173, 487, 3677
What are the prime factors of 517423498?
2, 347, 745567
What are the prime factors of 80604065?
5, 2089, 7717
What are the prime factors of 143961933?
3, 17, 733, 3851
List the prime factors of 126689411.
7349, 17239
List the prime factors of 1563290400.
2, 3, 5, 7, 93053
List the prime factors of 259828072.
2, 7, 4639787
List the prime factors of 3004790960.
2, 5, 73, 514519
List the prime factors of 155101705.
5, 11, 2820031
List the prime factors of 725669524.
2, 4861, 37321
List the prime factors of 29933943.
3, 13, 767537
List the prime factors of 20952168.
2, 3, 73, 11959
List the prime factors of 78285705.
3, 5, 5219047
What are the prime factors of 258920335?
5, 367, 141101
What are the prime factors of 77372124?
2, 3, 109, 149, 397
What are the prime factors of 1804225834?
2, 7741, 116537
List the prime factors of 26846030.
2, 5, 619, 4337
List the prime factors of 178901372.
2, 13, 31, 8537
What are the prime factors of 47823883?
89, 537347
List the prime factors of 7134905027.
37, 192835271
What are the prime factors of 192319448?
2, 4157, 5783
What are the prime factors of 296731119?
3, 23, 59, 72889
List the prime factors of 36443575.
5, 7, 2